). Suppose 3*f - 132 = -3*p, -p - 5 + 45 = v*f. Let z = p + 19. Is z a composite number?
False
Let a = 18 + 40. Is a composite?
True
Let o(p) = -p**3 + 8*p**2 - 8*p + 10. Let x be o(7). Suppose a + 3*a - 4*q = 340, -q = -x*a + 257. Is a prime?
False
Suppose h = -2*c - 5, 1 = 2*c + 11. Let i = 17 + h. Is i prime?
False
Let y be -1 + 2 - -1 - 1. Let a be y/(-2)*(-1 + -1). Is (a*7)/((-2)/(-94)) composite?
True
Suppose 9*r + 4*r - 14729 = 0. Is r a composite number?
True
Let n(t) = 2*t**3 - 5*t**2 + t + 1. Let j(u) = -5*u**2 + u. Let s be j(-1). Let p = s + 10. Is n(p) prime?
True
Let b be (4/6)/(2/15). Suppose 5*v - 36 = s - b*s, -16 = -5*s + v. Suppose 0*p = s*p - 220. Is p a composite number?
True
Let m = 1 - 0. Let r be m/(((-3)/(-2))/(-3)). Is ((-92)/(-6))/(r/(-3)) a prime number?
True
Let s = 18 - 9. Let y be ((-2)/6)/((-3)/s). Is -2 + y + (23 - -1) a composite number?
False
Let w = -139 - -548. Is w a prime number?
True
Suppose 5*f - 4*v = -22 - 67, -5*f + 3*v - 88 = 0. Suppose 0*l - 4*l = 40. Let m = l - f. Is m composite?
False
Suppose 2*s - 3*n + 24 = -s, 17 = -4*s + n. Let o be 3 + (0 + s - 0). Let q = o - -37. Is q prime?
True
Let g be 2/3 + 8/6. Suppose -3*p = 3*i + 1800, -5*p = g*i + 217 + 968. Is i/(-9) - (-2)/(-9) composite?
False
Let l = -4 + 7. Let p(q) = q**3 - 5*q**2 - 4*q - 7. Let f be p(6). Suppose f*b - 158 = -4*k, -k = -l*b - 21 - 10. Is k composite?
False
Suppose -1 = 2*m - 7. Is m a composite number?
False
Suppose 6*b - 41317 = 34955. Is b/20 - 9/15 a composite number?
True
Let y(i) = -36*i - 11. Is y(-3) a prime number?
True
Suppose -3*j + 1 + 5 = 0. Suppose 0 = -2*v - 4*l - 942, 4*v + l + 1848 = j*l. Let y = 686 + v. Is y a composite number?
False
Let d(l) = 2*l + 2. Let m be d(0). Suppose -m*y - 3*y = -1975. Is y a prime number?
False
Let r(u) = -105*u + 5. Suppose -3*i - 33 = -3*g, -2 = -i + 4*g - 25. Let y be r(i). Suppose -4*s = -0*s - y. Is s a composite number?
True
Suppose y + 506 = -259. Let f = -244 - y. Suppose 119 = h + 4*a, -3*h - a = h - f. Is h a composite number?
False
Let s = -1 - 2. Let g be s*16*1/(-2). Is 6/g + (-51)/(-4) a composite number?
False
Let a(p) = -p**3 + p**2 - 1. Let y be a(0). Let h be y/(-2) + (-85)/(-2). Suppose 4*i = -g + 155 - 10, 0 = -i + 2*g + h. Is i prime?
True
Suppose -16821 = -14*i + 18221. Is i composite?
False
Let d = 70 + -44. Suppose 4 - d = -2*p. Is p composite?
False
Let o be (-4)/10 - 17/(-5). Let w be 48/28*35/2. Suppose 3*h - 2*q = w, -8*h - 4*q + 50 = -o*h. Is h composite?
True
Suppose 5*x - 3189 = -4*c, 4 + 4 = -2*c. Is x prime?
True
Let w = -11 + -6. Is (1/3)/(w/(-12597)) prime?
False
Suppose -3*z = -236 - 463. Suppose o - z = -22. Is o composite?
False
Suppose 287 + 213 = 4*a. Let i = -70 + a. Is i prime?
False
Suppose -5*g + 6 = -4. Suppose -8 = -g*q - 2. Is q a composite number?
False
Let v = -598 - -891. Is v composite?
False
Let z = 3373 - 980. Is z a prime number?
True
Suppose 8 = 5*t - 57. Is t a composite number?
False
Suppose j - 5*o - 212 = 0, 3*j - 8*j - 4*o + 915 = 0. Is j a composite number?
True
Let x(n) be the first derivative of -n**4/4 - 8*n**3/3 + 7*n**2/2 + 5*n - 4. Is x(-9) prime?
True
Let a(n) = -n + 3 + n**2 + 3*n**3 - 4*n**2 + 4*n**2. Let p be a(3). Suppose 0 = -z + p + 3. Is z a prime number?
False
Let v be 158/8 + 7/28. Suppose -6*g + v = -2*g + 2*f, -2 = -2*g + 3*f. Suppose g*r - 192 = 5*l, -2*l + 35 = -3*r + 4*r. Is r composite?
False
Let r(z) = -z + 4. Let f be r(0). Suppose q - 127 = f*u, q + u + 425 = 4*q. Is q a composite number?
True
Suppose -5*c - x = -17, -7*x + 2*x = 3*c - 19. Suppose c*f - h = 606, -589 = -3*f + 3*h + 11. Is f a prime number?
False
Suppose -6*j + 11*j = 4105. Suppose 255 + j = 4*k. Is k a prime number?
True
Let t(s) = -s**3 - 2*s**2 + 4*s - 1. Let m be t(-3). Let q = 4 + m. Is (-37 + 0)/(q + -1) a prime number?
True
Let z = 5 + 0. Suppose -170 = -3*p + 5*r, z*p - 236 = -r + 94. Suppose 3*i + 8 = p. Is i composite?
False
Let i = 6 + -10. Is 156/8*i/(-3) a prime number?
False
Let t = -79 + 117. Let o = 103 + t. Is o a composite number?
True
Let j be 1/2 - (-4)/(-8). Is j - (1 + -4 + -43) a prime number?
False
Suppose 0*n + 2*n + 18 = 0. Let s(l) = -l**3 - 8*l**2 + 2*l - 8. Is s(n) prime?
False
Let g = 9 + 21. Let i = 2 - 0. Suppose j = -i*j + g. Is j prime?
False
Let c be 130 + 2 - (0 + -3). Suppose 2*y + c = 347. Is y composite?
True
Let d(h) be the second derivative of 7*h**3/6 + 7*h**2 - 9*h. Is d(5) composite?
True
Let x be 7/((2/317)/(-2)). Is 2/12 - x/42 a composite number?
False
Let y = -240 + 525. Suppose 2*p = 5*p - y. Is p prime?
False
Let q(u) = -u**2 - 7*u + 9. Let i be q(-10). Let y be -8*(3 - i/(-6)). Suppose 559 = 5*o - y*n, 218 = 2*o - 0*o + 4*n. Is o a composite number?
True
Let t(r) be the second derivative of -7*r**3/3 - 11*r**2/2 + 5*r. Let b = -16 - -6. Is t(b) a prime number?
False
Let g(n) = n**3 - 8*n**2 - n + 8. Let j be g(8). Suppose -5*m = -j*m - 4665. Is m a prime number?
False
Let m = -1207 - -1788. Is m composite?
True
Let b be 217 + 3 - -1*3. Is b/((-3 - -5)/2) a prime number?
True
Let q(l) = -l**3 + 19*l**2 + 11*l - 8. Is q(15) a prime number?
False
Let l = -20 + 10. Let c(v) = -5*v + 3. Is c(l) prime?
True
Suppose -295 = -5*v + 120. Is v composite?
False
Let b = -5 + 42. Is b a prime number?
True
Let f(r) = -r**2 - 2*r + 1 - 5*r**2 - 2*r. Let p be f(-4). Is (1 - -1)*p/(-2) prime?
True
Let m be 4/6 + 34/(-6). Let q(h) = -h**3 - 2*h**2 + 6*h - 1. Let v be q(m). Let a = 75 - v. Is a composite?
False
Let y = 1 + -2. Let c(v) = -50*v**3 - v**2 - v - 1. Is c(y) a prime number?
False
Let h(v) = -v**3 - 3*v**2 + 4*v - 1. Let b be h(-4). Let y = -2 - -2. Is b - (y - 23) - 1 composite?
True
Let c be 1*(-7 - (-6)/3). Is 178/4*(7 + c) a composite number?
False
Let b(s) = 2*s**2 - 4*s + 2. Let n be b(2). Let m be (4/5)/(n/80). Let v = m - 10. Is v prime?
False
Let l = -353 + 768. Is l a composite number?
True
Let r(n) = 8*n. Let i be r(-1). Let w(o) = 4*o**3 + 9*o**2 + 2*o - 14. Let g(b) = b**3 - b - 1. Let l(p) = -3*g(p) + w(p). Is l(i) prime?
True
Suppose r - 4 = -2*m, 0*m + m + 2*r = 8. Is (4/2 - m) + 49 composite?
True
Suppose 2*w = -0*w - 6. Is (-37)/w*(-3)/(-1) a composite number?
False
Suppose -p - 5*y + 153 = -95, 684 = 3*p + 3*y. Is p a composite number?
False
Let d be (-210)/8 + 6/24. Let f = 0 - d. Is f prime?
False
Let f = 2 - -3. Suppose 0*w + 5*w = f*n + 1090, w - 2*n - 213 = 0. Is w a prime number?
True
Let s = 4 + 16. Suppose s = -2*t + 62. Is 0 + t + 0 + -2 prime?
True
Let y(t) = 27*t**3 - 2*t**2 + t - 1. Is y(2) composite?
True
Let f = 105 - -44. Is f a composite number?
False
Suppose -845 = -4*s + 5*h, -2*h + 208 = s - 0. Let j = -119 + s. Is j composite?
True
Suppose -o = -0*o. Suppose 0 = -3*p - 6, -3*z + o*z = 3*p - 9. Suppose -3*t = -2*h - 5, 2*h - 25 = -z*t - 3*h. Is t composite?
False
Suppose -5*a + 5*y = 40, -4*a - 5*y = -y + 8. Let r(i) = -2*i**3 + i**2 + 2*i - 2. Is r(a) composite?
False
Suppose -5*n = 5*z + 35, -n - 24 + 9 = 3*z. Let p = 162 - n. Suppose l + 2*l - p = 0. Is l composite?
True
Suppose -2*n + n = 0. Suppose 2*b + 2 - 4 = 0, n = 5*d + 5*b - 1260. Is d prime?
True
Let u = -118 + 279. Is u a prime number?
False
Suppose -4*z = -8*z + 16. Suppose -5*i = 5*n - 30, 4*n - z*i + 2*i = 0. Suppose 3*k = f + 143, 6*k + n*f = 3*k + 128. Is k prime?
False
Suppose 0 = 5*p - 2*q + 28994, 2*p + 0*q = q - 11598. Is (p/13)/(-1 - 1) prime?
True
Let r = 6 - 1. Suppose 0 = -r*l + 4*w + 647, 7*l - 3*l = 2*w + 514. Is l composite?
False
Suppose 0*z - 3*z = 0. Suppose z = 13*a - 8*a - 195. Is a prime?
False
Let s = -59 + 174. Let z = s - 66. Is z a composite number?
True
Suppose 11 - 246 = -j. Is j a composite number?
True
Suppose -k = -5*p + 7876, 361 + 4379 = 3*p + 3*k. Suppose 363 = -y + p. Is y a prime number?
True
Let i = -181 - -312. Is i a prime number?
True
Let w(p) = 58*p**3 - 5*p**2 - 5*p + 1. Let u(a) = 57*a**3 - 4*a**2 - 4*a + 1. Let m(b) = -6*u(b) + 5*w(b). Is m(-1) prime?
False
Suppose -25 = 4*n + 23. Let k = 23 + -1. Let c = n + k. Is c a composite number?
True
Let t = -47 + 100. Is t a composite number?
False
Suppose 2*s = -5*q - 0*s + 21, 3*q - 4*s = 23. Suppose -w + q*w - 48 = 0. Suppose -3*h = w, -3*h - 2*h = 5*p - 165. Is p a composite number?
False
Let 